{"id":8279,"date":"2018-05-20T15:12:24","date_gmt":"2018-05-20T13:12:24","guid":{"rendered":"http:\/\/www.gardiensdesunivers.fr\/?page_id=8279"},"modified":"2018-05-20T15:19:51","modified_gmt":"2018-05-20T13:19:51","slug":"chroniques-oubliees","status":"publish","type":"page","link":"https:\/\/www.gardiensdesunivers.fr\/?page_id=8279","title":{"rendered":"Chroniques Oubli\u00e9es"},"content":{"rendered":"<\/div><\/div><\/div><!-- close content main div --><\/div><\/div><div id='full_slider_1' class='avia-fullwidth-slider main_color avia-shadow   container_wrap sidebar_right'   ><div  data-size='featured'  data-lightbox_size='large'  data-animation='slide'  data-ids='8294'  data-video_counter='0'  data-autoplay='false'  data-bg_slider='false'  data-slide_height=''  data-handle='av_slideshow_full'  data-interval='5'  data-class=' '  data-css_id=''  data-scroll_down=''  data-control_layout='av-control-default'  data-custom_markup=''  data-perma_caption=''  data-autoplay_stopper=''  data-image_attachment=''  data-min_height='0px'  data-src=''  data-position='top left'  data-repeat='no-repeat'  data-attach='scroll'  data-stretch=''  data-default-height='28.666666666667'  class='avia-slideshow avia-slideshow-1  av-control-default av-default-height-applied avia-slideshow-featured av_slideshow_full   avia-slide-slider '  itemprop=\"ImageObject\" itemscope=\"itemscope\" itemtype=\"https:\/\/schema.org\/ImageObject\" ><ul class='avia-slideshow-inner' style='padding-bottom: 28.666666666667%;'><li  class=' av-single-slide slide-1 ' ><div data-rel='slideshow-1' class='avia-slide-wrap'  ><img src='https:\/\/www.gardiensdesunivers.fr\/wp-content\/uploads\/2018\/05\/CO-slide-2-1500x430.jpg' width='1500' height='430' title='' alt=''  itemprop=\"thumbnailUrl\"   \/><\/div><\/li><\/ul><\/div><\/div>\n<div class=\"flex_column av_three_fourth  flex_column_div first  \" ><section class=\"av_textblock_section \"  itemscope=\"itemscope\" itemtype=\"https:\/\/schema.org\/CreativeWork\" ><div class='avia_textblock  '   itemprop=\"text\" ><p><strong>Chroniques Oubli\u00e9es<\/strong> est un jeu de r\u00f4le g\u00e9n\u00e9rique simple et efficace bas\u00e9 sur le syst\u00e8me D20 : on lance un d\u00e9 \u00e0 vingt faces, on ajoute au r\u00e9sultat un modificateur repr\u00e9sentant la comp\u00e9tence de votre personnage et si le total est sup\u00e9rieur ou \u00e9gal \u00e0 la difficult\u00e9, l\u2019action est r\u00e9ussie.<\/p>\n<p>Chroniques peut se jouer dans diff\u00e9rents univers, en voici quelques-uns :<\/p>\n<p><strong>Chroniques Oubli\u00e9es<\/strong><\/p>\n<p>Dans sa version d\u2019origine, Chroniques Oubli\u00e9es se joue dans un cadre m\u00e9di\u00e9val-fantastique. Ici, vous incarnez un aventurier en qu\u00eate de gloire et de fortune, explorant de sombres souterrains o\u00f9 conspirent les forces du mal. Jouez un guerrier humain, un mage elfe, un pr\u00eatre nain ou un voleur halfelin et gagnez en puissance pour affronter des ennemis de plus en plus redoutables !<\/p>\n<p><strong>Chroniques Contemporaines<\/strong><\/p>\n<p>Dans cette version, vous jouez dans l\u2019univers que vous connaissez le mieux : notre monde. Mais ici, le fantastique et la magie sont bien r\u00e9els. Votre personnage sera confront\u00e9 \u00e0 des menaces surnaturelles ou \u00e0 des multinationales aux projets fous. A moins que vous ne vouliez jouer vous-m\u00eame une cr\u00e9ature des t\u00e9n\u00e8bres : vampires et loup-garou font partie des options propos\u00e9es !<\/p>\n<p><strong>Chroniques Galactiques<\/strong><\/p>\n<p>Ici, vous partirez explorer l\u2019espace interstellaire, \u00e0 bord de vaisseaux spatiaux lanc\u00e9s vers des mondes inconnus et exotiques. En compagnie de votre fid\u00e8le \u00e9quipage, vous devrez triompher des p\u00e9rils des \u00e9tendues cosmiques, d\u00e9couvrir des civilisations extra-terrestres pour en faire de fid\u00e8les alli\u00e9s ou de redoutables ennemis et ma\u00eetriser des technologies d\u00e9routantes\u2026<\/p>\n<\/div><\/section><\/div>\n<div class=\"flex_column av_one_fourth  flex_column_div   \" ><div  data-size='no scaling'  data-lightbox_size='large'  data-animation='slide'  data-ids='8286'  data-video_counter='0'  data-autoplay='false'  data-bg_slider='false'  data-slide_height=''  data-handle='av_slideshow'  data-interval='5'  data-class=' '  data-css_id=''  data-scroll_down=''  data-control_layout=''  data-custom_markup=''  data-perma_caption=''  data-autoplay_stopper=''  data-image_attachment=''  data-min_height='0px'  class='avia-slideshow avia-slideshow-2  av-default-height-applied avia-slideshow-no scaling av_slideshow   avia-slide-slider '  itemprop=\"ImageObject\" itemscope=\"itemscope\" itemtype=\"https:\/\/schema.org\/ImageObject\" ><ul class='avia-slideshow-inner' style='padding-bottom: 134.14285714286%;'><li  class=' av-single-slide slide-1 ' ><div data-rel='slideshow-2' class='avia-slide-wrap'  ><img src='https:\/\/www.gardiensdesunivers.fr\/wp-content\/uploads\/2018\/05\/CO-couverture.jpg' width='700' height='939' title='' alt=''  itemprop=\"thumbnailUrl\"   \/><\/div><\/li><\/ul><\/div><\/div>\n<div class=\"flex_column av_one_full  flex_column_div first  \" ><section class=\"av_textblock_section \"  itemscope=\"itemscope\" itemtype=\"https:\/\/schema.org\/CreativeWork\" ><div class='avia_textblock  '  style='font-size:10px; '  itemprop=\"text\" ><p>CHRONIQUES OUBLI\u00c9ES\u2122 FANTASY est un jeu de Black Book \u00c9ditions\/Casus Belli. Tous droits r\u00e9serv\u00e9s.<br \/>\nSite de l&rsquo;\u00e9diteur : <a href=\"https:\/\/www.black-book-editions.fr\/\">https:\/\/www.black-book-editions.fr\/<\/a><\/p>\n<\/div><\/section><\/div>\n","protected":false},"excerpt":{"rendered":"","protected":false},"author":88,"featured_media":0,"parent":1947,"menu_order":0,"comment_status":"closed","ping_status":"closed","template":"","meta":{"_bbp_topic_count":0,"_bbp_reply_count":0,"_bbp_total_topic_count":0,"_bbp_total_reply_count":0,"_bbp_voice_count":0,"_bbp_anonymous_reply_count":0,"_bbp_topic_count_hidden":0,"_bbp_reply_count_hidden":0,"_bbp_forum_subforum_count":0,"footnotes":""},"_links":{"self":[{"href":"https:\/\/www.gardiensdesunivers.fr\/index.php?rest_route=\/wp\/v2\/pages\/8279"}],"collection":[{"href":"https:\/\/www.gardiensdesunivers.fr\/index.php?rest_route=\/wp\/v2\/pages"}],"about":[{"href":"https:\/\/www.gardiensdesunivers.fr\/index.php?rest_route=\/wp\/v2\/types\/page"}],"author":[{"embeddable":true,"href":"https:\/\/www.gardiensdesunivers.fr\/index.php?rest_route=\/wp\/v2\/users\/88"}],"replies":[{"embeddable":true,"href":"https:\/\/www.gardiensdesunivers.fr\/index.php?rest_route=%2Fwp%2Fv2%2Fcomments&post=8279"}],"version-history":[{"count":0,"href":"https:\/\/www.gardiensdesunivers.fr\/index.php?rest_route=\/wp\/v2\/pages\/8279\/revisions"}],"up":[{"embeddable":true,"href":"https:\/\/www.gardiensdesunivers.fr\/index.php?rest_route=\/wp\/v2\/pages\/1947"}],"wp:attachment":[{"href":"https:\/\/www.gardiensdesunivers.fr\/index.php?rest_route=%2Fwp%2Fv2%2Fmedia&parent=8279"}],"curies":[{"name":"wp","href":"https:\/\/api.w.org\/{rel}","templated":true}]}}