{"id":3693,"date":"2014-12-03T09:35:15","date_gmt":"2014-12-03T08:35:15","guid":{"rendered":"http:\/\/www.gardiensdesunivers.fr\/?page_id=3693"},"modified":"2023-03-04T16:21:33","modified_gmt":"2023-03-04T15:21:33","slug":"inscription-mj-2015","status":"publish","type":"page","link":"https:\/\/www.gardiensdesunivers.fr\/?page_id=3693","title":{"rendered":"Inscription MJ 2022"},"content":{"rendered":"<div class=\"flex_column av_one_third  flex_column_div first  \" ><p><div class='avia-image-container  av-styling-    avia-align-center '  itemprop=\"ImageObject\" itemscope=\"itemscope\" itemtype=\"https:\/\/schema.org\/ImageObject\"  ><div class='avia-image-container-inner'><img class='avia_image ' src='https:\/\/www.gardiensdesunivers.fr\/wp-content\/uploads\/2014\/12\/dusty-green-rpg-dice.jpg' alt='' title='dusty-green-rpg-dice'   itemprop=\"thumbnailUrl\"  \/><\/div><\/div><br \/>\n<section class=\"av_textblock_section \"  itemscope=\"itemscope\" itemtype=\"https:\/\/schema.org\/CreativeWork\" ><div class='avia_textblock  '   itemprop=\"text\" ><p>Vous souhaitez animer une partie de jeu de r\u00f4le pendant les <strong>Univers Ludiques 2022<\/strong>\u00a0? Quelle excellente id\u00e9e ! Nous serons ravis de vous octroyer une table et de vous aider \u00e0 trouver des joueurs. Quelques petites choses afin que tout se passe au mieux :<\/p>\n<\/div><\/section><br \/>\n<section class=\"av_textblock_section \"  itemscope=\"itemscope\" itemtype=\"https:\/\/schema.org\/CreativeWork\" ><div class='avia_textblock  '   itemprop=\"text\" ><p><strong>Horaires<\/strong> : plusieurs plages horaires sont disponibles. Nous demandons aux MJ de bien vouloir les respecter autant que possible afin de ne pas empi\u00e9ter sur les autres activit\u00e9s.<\/p>\n<p><strong>Personnages pr\u00e9tir\u00e9s :<\/strong> nous demandons aux MJ de bien vouloir pr\u00e9parer des feuilles de personnages \u00e0 l&rsquo;avance, si possible avec suffisamment de choix pour que tous les joueurs y trouvent leur compte. C&rsquo;est particuli\u00e8rement important pour les jeux dans lesquels la cr\u00e9ation de personnage prend plus d&rsquo;une heure.<\/p>\n<p>Le th\u00e8me de cette ann\u00e9e est <strong>\u00ab\u00a0Les naufrag\u00e9s\u00a0\u00bb<\/strong>, libre \u00e0 vous de vous en inspirer ou non pour vos parties.<\/p>\n<\/div><\/section><br \/>\n<section class=\"av_textblock_section \"  itemscope=\"itemscope\" itemtype=\"https:\/\/schema.org\/CreativeWork\" ><div class='avia_textblock  '   itemprop=\"text\" ><p><em><strong>Un repas complet (plat + boisson + dessert) offert \u00e0 chaque MJ qui s&rsquo;inscrit !<\/strong><\/em><\/p>\n<\/div><\/section><\/p><\/div>\n<div class=\"flex_column av_two_third  flex_column_div av-zero-column-padding   \" style='border-radius:0px; '><form action=\"https:\/\/www.gardiensdesunivers.fr\/?page_id=3693\" method=\"post\"  class=\"avia_ajax_form av-form-labels-visible    \" data-avia-form-id=\"1\" data-avia-redirect=''><fieldset><h3>MJ : Inscrivez-vous !<\/h3><p class=' first_form  form_element form_fullwidth' id='element_avia_1_1'><label for=\"avia_1_1\">Nom <abbr class=\"required\" title=\"requis\">*<\/abbr><\/label> <input name=\"avia_1_1\" class=\"text_input is_empty\" type=\"text\" id=\"avia_1_1\" value=\"\" \/><\/p><p class=' first_form  form_element form_fullwidth' id='element_avia_2_1'><label for=\"avia_2_1\">Adresse mail <abbr class=\"required\" title=\"requis\">*<\/abbr><\/label> <input name=\"avia_2_1\" class=\"text_input is_email\" type=\"text\" id=\"avia_2_1\" value=\"\" \/><\/p><p class=' first_form  form_element form_fullwidth' id='element_avia_3_1'><label for=\"avia_3_1\">Jeu n\u00b01 <abbr class=\"required\" title=\"requis\">*<\/abbr><\/label> <input name=\"avia_3_1\" class=\"text_input is_empty\" type=\"text\" id=\"avia_3_1\" value=\"\" \/><\/p><p class=' first_form  form_element form_fullwidth' id='element_avia_4_1'><label for=\"avia_4_1\">(1) Plage horaire<\/label> <select  name=\"avia_4_1\" class=\"select \" id=\"avia_4_1\"><option  value ='Choisissez...'>Choisissez...<\/option><option  value ='Samedi Apr\u00e8s-midi (13h-19h) -COMPLET-'>Samedi Apr\u00e8s-midi (13h-19h) -COMPLET-<\/option><option  value ='Samedi Soir (20h-00h) -COMPLET-'>Samedi Soir (20h-00h) -COMPLET-<\/option><option  value ='Samedi Soir + Nuit (\u00e0 partir de 20h) -COMPLET-'>Samedi Soir + Nuit (\u00e0 partir de 20h) -COMPLET-<\/option><option  value ='Dimanche Matin (9h-12h)'>Dimanche Matin (9h-12h)<\/option><option  value ='Dimanche Apr\u00e8s-Midi (13h-17h)'>Dimanche Apr\u00e8s-Midi (13h-17h)<\/option><\/select><\/p><p class=' first_form  form_element form_element_half' id='element_avia_5_1'><label for=\"avia_5_1\">(1) Nombre de joueurs souhait\u00e9s (ex: 3 \u00e0 5) <abbr class=\"required\" title=\"requis\">*<\/abbr><\/label> <input name=\"avia_5_1\" class=\"text_input is_empty\" type=\"text\" id=\"avia_5_1\" value=\"\" \/><\/p><p class=' first_form  form_element form_fullwidth' id='element_avia_6_1'><label for=\"avia_6_1\">Jeu n\u00b0 2<\/label> <input name=\"avia_6_1\" class=\"text_input \" type=\"text\" id=\"avia_6_1\" value=\"\" \/><\/p><p class=' first_form  form_element form_fullwidth' id='element_avia_7_1'><label for=\"avia_7_1\">(2) Plage horaire<\/label> <select  name=\"avia_7_1\" class=\"select \" id=\"avia_7_1\"><option  value ='Choisissez...'>Choisissez...<\/option><option  value ='Samedi Apr\u00e8s-midi (13h-19h) -COMPLET-'>Samedi Apr\u00e8s-midi (13h-19h) -COMPLET-<\/option><option  value ='Samedi Soir (20h-00h) -COMPLET-'>Samedi Soir (20h-00h) -COMPLET-<\/option><option  value ='Samedi Soir + Nuit (\u00e0 partir de 20h) -COMPLET-'>Samedi Soir + Nuit (\u00e0 partir de 20h) -COMPLET-<\/option><option  value ='Dimanche Matin (9h-12h)'>Dimanche Matin (9h-12h)<\/option><option  value ='Dimanche Apr\u00e8s-Midi (13h-17h)'>Dimanche Apr\u00e8s-Midi (13h-17h)<\/option><\/select><\/p><p class=' first_form  form_element form_element_half' id='element_avia_8_1'><label for=\"avia_8_1\">(2) Nombre de joueurs souhait\u00e9s (ex: 3 \u00e0 5)<\/label> <input name=\"avia_8_1\" class=\"text_input \" type=\"text\" id=\"avia_8_1\" value=\"\" \/><\/p><p class=' first_form  form_element form_fullwidth' id='element_avia_9_1'>\t <label for=\"avia_9_1\" class=\"textare_label hidden textare_label_avia_9_1\">Commentaires (pensez \u00e0 fournir une description succincte du jeu\/du sc\u00e9nario !)<\/label>\t <textarea  name=\"avia_9_1\" class=\"text_area \" cols=\"40\" rows=\"7\" id=\"avia_9_1\" ><\/textarea><\/p><p class=\"hidden\"><input type=\"text\" name=\"avia_10_1\" class=\"hidden \" id=\"avia_10_1\" value=\"\" \/><\/p><p class='' id='element_avia_11_1'>    <span class='value_verifier_label'>1 + 1 = ?<\/span>    <input name=\"avia_11_1_verifier\" type=\"hidden\" id=\"avia_11_1_verifier\" value=\"714272845\"\/><label for=\"avia_11_1\">Pour prouver que vous \u00eates un humain, donnez le r\u00e9sultat de cette simple op\u00e9ration <abbr class=\"required\" title=\"requis\">*<\/abbr><\/label>    <input name=\"avia_11_1\" class=\"text_input captcha\" type=\"text\" id=\"avia_11_1\" value=\"\"\/><\/p><p class=\"form_element \"><input type=\"hidden\" value=\"1\" name=\"avia_generated_form1\" \/><input type=\"submit\" value=\"Valider votre inscription\" class=\"button\"  data-sending-label=\"Envoi\"\/><\/p><\/fieldset><\/form><div id=\"ajaxresponse_1\" class=\"ajaxresponse ajaxresponse_1 hidden\"><\/div><\/div>\n","protected":false},"excerpt":{"rendered":"","protected":false},"author":1,"featured_media":0,"parent":0,"menu_order":0,"comment_status":"open","ping_status":"open","template":"","meta":{"_bbp_topic_count":0,"_bbp_reply_count":0,"_bbp_total_topic_count":0,"_bbp_total_reply_count":0,"_bbp_voice_count":0,"_bbp_anonymous_reply_count":0,"_bbp_topic_count_hidden":0,"_bbp_reply_count_hidden":0,"_bbp_forum_subforum_count":0,"footnotes":""},"_links":{"self":[{"href":"https:\/\/www.gardiensdesunivers.fr\/index.php?rest_route=\/wp\/v2\/pages\/3693"}],"collection":[{"href":"https:\/\/www.gardiensdesunivers.fr\/index.php?rest_route=\/wp\/v2\/pages"}],"about":[{"href":"https:\/\/www.gardiensdesunivers.fr\/index.php?rest_route=\/wp\/v2\/types\/page"}],"author":[{"embeddable":true,"href":"https:\/\/www.gardiensdesunivers.fr\/index.php?rest_route=\/wp\/v2\/users\/1"}],"replies":[{"embeddable":true,"href":"https:\/\/www.gardiensdesunivers.fr\/index.php?rest_route=%2Fwp%2Fv2%2Fcomments&post=3693"}],"version-history":[{"count":0,"href":"https:\/\/www.gardiensdesunivers.fr\/index.php?rest_route=\/wp\/v2\/pages\/3693\/revisions"}],"wp:attachment":[{"href":"https:\/\/www.gardiensdesunivers.fr\/index.php?rest_route=%2Fwp%2Fv2%2Fmedia&parent=3693"}],"curies":[{"name":"wp","href":"https:\/\/api.w.org\/{rel}","templated":true}]}}