{"id":1375,"date":"2013-05-12T21:53:31","date_gmt":"2013-05-12T20:53:31","guid":{"rendered":"http:\/\/www.gardiensdesunivers.fr\/?page_id=1375"},"modified":"2013-05-21T08:27:45","modified_gmt":"2013-05-21T07:27:45","slug":"elessar-celebrindal","status":"publish","type":"page","link":"https:\/\/www.gardiensdesunivers.fr\/?page_id=1375","title":{"rendered":"Elessar Celebrindal"},"content":{"rendered":"<p><img decoding=\"async\" loading=\"lazy\" class=\"aligncenter size-full wp-image-1376\" alt=\"wood\" src=\"https:\/\/www.gardiensdesunivers.fr\/wp-content\/uploads\/2013\/05\/wood.jpg\" width=\"620\" height=\"100\" srcset=\"https:\/\/www.gardiensdesunivers.fr\/wp-content\/uploads\/2013\/05\/wood.jpg 620w, https:\/\/www.gardiensdesunivers.fr\/wp-content\/uploads\/2013\/05\/wood-300x48.jpg 300w\" sizes=\"(max-width: 620px) 100vw, 620px\" \/><\/p>\n<p><strong>Exp\u00e9rience totale :<\/strong>\u00a052<br \/>\n<strong>Valeur de bande :<\/strong>\u00a052 + (7 x 5) = 87<\/p>\n<p><strong>Magot :<\/strong>\u00a00 Co<br \/>\n<strong>R\u00e9serve d&rsquo;\u00e9quipement :<\/strong>\u00a0&#8211;<\/p>\n<h3>Faren Nare &#8211; Noble<\/h3>\n<table width=\"100%\">\n<tbody>\n<tr>\n<td><strong>M<\/strong><\/td>\n<td><strong>CC<\/strong><\/td>\n<td><strong>CT<\/strong><\/td>\n<td><strong>F<\/strong><\/td>\n<td><strong>E<\/strong><\/td>\n<td><strong>B<\/strong><\/td>\n<td><strong>I<\/strong><\/td>\n<td><strong>A<\/strong><\/td>\n<td><strong>Cd<\/strong><\/td>\n<\/tr>\n<tr>\n<td>5<\/td>\n<td>5<\/td>\n<td>5<\/td>\n<td>3<\/td>\n<td>3<\/td>\n<td>1<\/td>\n<td>6<\/td>\n<td>1<\/td>\n<td>9<\/td>\n<\/tr>\n<\/tbody>\n<\/table>\n<p><strong>\u00c9quipement :<\/strong>\u00a0arc long, bouclier, casque, \u00e9p\u00e9e<br \/>\n<strong>Exp\u00e9rience :<\/strong>\u00a023<\/p>\n<h3>Siris Lalta\u00ebn<\/h3>\n<table width=\"100%\">\n<tbody>\n<tr>\n<td><strong>M<\/strong><\/td>\n<td><strong>CC<\/strong><\/td>\n<td><strong>CT<\/strong><\/td>\n<td><strong>F<\/strong><\/td>\n<td><strong>E<\/strong><\/td>\n<td><strong>B<\/strong><\/td>\n<td><strong>I<\/strong><\/td>\n<td><strong>A<\/strong><\/td>\n<td><strong>Cd<\/strong><\/td>\n<\/tr>\n<tr>\n<td>5<\/td>\n<td>3<\/td>\n<td>4<\/td>\n<td>3<\/td>\n<td>4<\/td>\n<td>1<\/td>\n<td>5<\/td>\n<td>1<\/td>\n<td>8<\/td>\n<\/tr>\n<\/tbody>\n<\/table>\n<p><strong>\u00c9quipement :<\/strong>\u00a0arc long, \u00e9p\u00e9e<br \/>\n<strong>Sort :<\/strong> \u00c9th\u00e9r\u00e9 (diff. 7)<br \/>\n<strong>Exp\u00e9rience :<\/strong>\u00a014<\/p>\n<h3>Ama\u00ebn Cirycisal &#8211; Forestier<\/h3>\n<table width=\"100%\">\n<tbody>\n<tr>\n<td><strong>M<\/strong><\/td>\n<td><strong>CC<\/strong><\/td>\n<td><strong>CT<\/strong><\/td>\n<td><strong>F<\/strong><\/td>\n<td><strong>E<\/strong><\/td>\n<td><strong>B<\/strong><\/td>\n<td><strong>I<\/strong><\/td>\n<td><strong>A<\/strong><\/td>\n<td><strong>Cd<\/strong><\/td>\n<\/tr>\n<tr>\n<td>5<\/td>\n<td>3<\/td>\n<td>5<\/td>\n<td>3<\/td>\n<td>3<\/td>\n<td>1<\/td>\n<td>5<\/td>\n<td>1<\/td>\n<td>8<\/td>\n<\/tr>\n<\/tbody>\n<\/table>\n<p><strong>\u00c9quipement :<\/strong>\u00a0arc long, \u00e9p\u00e9e<br \/>\n<strong>Exp\u00e9rience :<\/strong>\u00a013<\/p>\n<h3>Myrilduin &#8211; 3 Gardes Sylvains<\/h3>\n<table width=\"100%\">\n<tbody>\n<tr>\n<td><strong>M<\/strong><\/td>\n<td><strong>CC<\/strong><\/td>\n<td><strong>CT<\/strong><\/td>\n<td><strong>F<\/strong><\/td>\n<td><strong>E<\/strong><\/td>\n<td><strong>B<\/strong><\/td>\n<td><strong>I<\/strong><\/td>\n<td><strong>A<\/strong><\/td>\n<td><strong>Cd<\/strong><\/td>\n<\/tr>\n<tr>\n<td>5<\/td>\n<td>4<\/td>\n<td>4<\/td>\n<td>3<\/td>\n<td>3<\/td>\n<td>1<\/td>\n<td>5<\/td>\n<td>1<\/td>\n<td>8<\/td>\n<\/tr>\n<\/tbody>\n<\/table>\n<p><strong>\u00c9quipement :<\/strong>\u00a0arc long, dague<br \/>\n<strong>Exp\u00e9rience :<\/strong>\u00a01<\/p>\n<h3>Emrinar &#8211; 1 Novice<\/h3>\n<table width=\"100%\">\n<tbody>\n<tr>\n<td><strong>M<\/strong><\/td>\n<td><strong>CC<\/strong><\/td>\n<td><strong>CT<\/strong><\/td>\n<td><strong>F<\/strong><\/td>\n<td><strong>E<\/strong><\/td>\n<td><strong>B<\/strong><\/td>\n<td><strong>I<\/strong><\/td>\n<td><strong>A<\/strong><\/td>\n<td><strong>Cd<\/strong><\/td>\n<\/tr>\n<tr>\n<td>5<\/td>\n<td>3<\/td>\n<td>3<\/td>\n<td>3<\/td>\n<td>3<\/td>\n<td>1<\/td>\n<td>5<\/td>\n<td>1<\/td>\n<td>8<\/td>\n<\/tr>\n<\/tbody>\n<\/table>\n<p><strong>\u00c9quipement :<\/strong>\u00a0\u00e9p\u00e9e<br \/>\n<strong>Exp\u00e9rience :<\/strong>\u00a01<\/p>\n<h2>Historique de la bande<\/h2>\n<ul>\n<li>15\/05\/2013 :\u00a0<strong>Bataille contre les Archers Noirs<\/strong>. D\u00e9faite.<br \/>\n<em>Exploration :<\/em>\u00a02 pierres magiques.<\/li>\n<li>19\/05\/2013 :\u00a0<strong>Bataille contre les Larmes du Cinqui\u00e8me Soleil.<\/strong> Victoire.<br \/>\n<em>Exploration :<\/em>\u00a06 pierres magiques.<\/li>\n<\/ul>\n","protected":false},"excerpt":{"rendered":"<p>Exp\u00e9rience totale :\u00a052 Valeur de bande :\u00a052 + (7 x 5) = 87 Magot :\u00a00 Co R\u00e9serve d&rsquo;\u00e9quipement :\u00a0&#8211; Faren Nare &#8211; Noble M CC CT F E B I A Cd 5 5 5 3 3 1 6 1 9 \u00c9quipement :\u00a0arc long, bouclier, casque, \u00e9p\u00e9e Exp\u00e9rience :\u00a023 Siris Lalta\u00ebn M CC CT F [&hellip;]<\/p>\n","protected":false},"author":1,"featured_media":0,"parent":770,"menu_order":0,"comment_status":"open","ping_status":"open","template":"","meta":{"_bbp_topic_count":0,"_bbp_reply_count":0,"_bbp_total_topic_count":0,"_bbp_total_reply_count":0,"_bbp_voice_count":0,"_bbp_anonymous_reply_count":0,"_bbp_topic_count_hidden":0,"_bbp_reply_count_hidden":0,"_bbp_forum_subforum_count":0,"footnotes":""},"_links":{"self":[{"href":"https:\/\/www.gardiensdesunivers.fr\/index.php?rest_route=\/wp\/v2\/pages\/1375"}],"collection":[{"href":"https:\/\/www.gardiensdesunivers.fr\/index.php?rest_route=\/wp\/v2\/pages"}],"about":[{"href":"https:\/\/www.gardiensdesunivers.fr\/index.php?rest_route=\/wp\/v2\/types\/page"}],"author":[{"embeddable":true,"href":"https:\/\/www.gardiensdesunivers.fr\/index.php?rest_route=\/wp\/v2\/users\/1"}],"replies":[{"embeddable":true,"href":"https:\/\/www.gardiensdesunivers.fr\/index.php?rest_route=%2Fwp%2Fv2%2Fcomments&post=1375"}],"version-history":[{"count":0,"href":"https:\/\/www.gardiensdesunivers.fr\/index.php?rest_route=\/wp\/v2\/pages\/1375\/revisions"}],"up":[{"embeddable":true,"href":"https:\/\/www.gardiensdesunivers.fr\/index.php?rest_route=\/wp\/v2\/pages\/770"}],"wp:attachment":[{"href":"https:\/\/www.gardiensdesunivers.fr\/index.php?rest_route=%2Fwp%2Fv2%2Fmedia&parent=1375"}],"curies":[{"name":"wp","href":"https:\/\/api.w.org\/{rel}","templated":true}]}}